. Calculate q(-2).
-10
Let a(c) = -c**2 + 414*c - 42410. What is a(186)?
-2
Let u(a) = 66*a**2 + 443*a + 329. Give u(-7).
462
Let g(n) = -21488*n - 193391. Give g(-9).
1
Let f(y) = y**3 - 36*y**2 + 15*y - 1163. Give f(37).
761
Let a(k) = -2*k**3 - 172*k**2 + 1020*k + 382. Determine a(6).
-122
Let h(n) = n**3 - 284*n**2 + 3783*n - 310. What is h(270)?
500
Let n(u) = 19*u**2 - 482*u + 372. Give n(21).
-1371
Let b(l) = -2*l**3 - 189*l**2 + 76*l - 1586. What is b(-95)?
219
Let j(w) = -5*w**3 - 54*w**2 + 109*w - 497. What is j(-13)?
-55
Let t(q) = q**3 + 25*q**2 - 135*q - 7. Calculate t(5).
68
Let x(g) = g**3 + 298*g**2 + 1752*g + 23. Determine x(-292).
23
Let g(z) = -z**2 + 238*z + 24972. Give g(-79).
-71
Let b(p) = -p**2 - 1014574*p + 26379602. Determine b(26).
2
Let n(b) = -2*b**2 + 14159*b + 85024. Give n(-6).
-2
Let b(q) = -q**2 + 143*q + 10037. What is b(-52)?
-103
Let i(z) = 2*z**3 + 11*z**2 - 2117*z + 22855. What is i(16)?
-9
Let z(d) = -1043422*d + 5217095. What is z(5)?
-15
Let i(m) = -2*m**3 - 137*m**2 - 1296*m + 822. Calculate i(-12).
102
Let m(c) = -70556*c + 141128. What is m(2)?
16
Let q(y) = 4*y**3 + 126*y**2 + 884*y - 26. What is q(-21)?
-68
Let d(p) = -p**2 + 97*p + 1840. What is d(-19)?
-364
Let i(g) = 18*g**2 - 1922*g - 4340. What is i(109)?
20
Let x(c) = -c**2 - 1024*c + 207877. Calculate x(174).
-575
Let v(y) = -y**2 + 333*y - 17550. Give v(61).
-958
Let d(w) = 2*w**3 - 260*w**2 - 55*w + 7167. Determine d(130).
17
Let g(n) = -n**3 - 47*n**2 - 534*n + 174. Give g(-27).
12
Let p(o) = 373*o + 1540. Give p(-6).
-698
Let k(w) = 7428675*w + 37143375. What is k(-5)?
0
Let j(h) = 4249*h - 16938. What is j(4)?
58
Let c(x) = -3155*x - 69499. Calculate c(-22).
-89
Let g(w) = 11229*w - 3941347. Give g(351).
32
Let c(j) = 12*j**3 - 18*j**2 - 148*j + 8. What is c(4)?
-104
Let o(r) = -3*r**3 - 2*r**2 - 1181*r + 10440. Give o(9).
-2538
Let j(r) = 2*r**2 + 1504*r - 12169. Give j(8).
-9
Let x(q) = -187*q + 16360. Calculate x(87).
91
Let i(z) = -z**2 - 4015*z + 240353. Determine i(59).
-13
Let s(l) = -1714*l + 317075. Give s(185).
-15
Let f(g) = -12*g**3 + 2*g**2 - 916*g + 2727. Give f(3).
-327
Let j(i) = 7139*i + 3448103. Determine j(-483).
-34
Let n(x) = 5*x**3 + 36*x**2 - 35*x - 285. Give n(-7).
9
Let w(g) = -g**2 + 995*g + 200743. Calculate w(-172).
19
Let p(q) = 173*q + 3564. What is p(-19)?
277
Let c(q) = -2300*q**2 + 34482*q + 270. Calculate c(15).
0
Let r(l) = -l**2 - 4147*l + 163268. Determine r(39).
14
Let a(p) = -p**2 - 181591*p - 3268341. Calculate a(-18).
-27
Let w(a) = 2*a**3 + 551*a**2 - 823*a + 1454. Calculate w(-277).
-762
Let l(n) = -63*n**2 - 13*n + 65. Calculate l(-5).
-1445
Let n(l) = l**2 - 1555*l + 21584. Calculate n(14).
10
Let v(h) = -5*h + 889. Determine v(-26).
1019
Let i(g) = 2529*g - 35511. Calculate i(14).
-105
Let q(t) = -t**3 - 91*t**2 + 1703*t + 173079. Determine q(-88).
-17
Let b(o) = 2*o**2 + 54*o - 53884. Calculate b(-178).
-128
Let q(j) = -j**2 + 156*j + 4318. Give q(-33).
-1919
Let y(j) = -16*j**3 + 51*j**2 - 113*j + 318. Determine y(3).
6
Let r(w) = -44522*w + 44523. Calculate r(1).
1
Let b(r) = -325*r**2 + 839*r - 29. Give b(3).
-437
Let c(p) = 189*p - 2534. Give c(12).
-266
Let m(i) = -33*i**2 + 748*i - 1155. Calculate m(21).
0
Let f(s) = -s**2 - 1441*s + 27743. Determine f(19).
3
Let d(x) = -2*x**2 - 81*x + 129504. Calculate d(235).
19
Let u(a) = 1322*a - 119399. What is u(90)?
-419
Let u(t) = -3*t**3 + 96*t**2 - 27*t + 41. Determine u(32).
-823
Let n(l) = 9*l**2 + 354*l - 4401. Determine n(10).
39
Let d(u) = 5905*u - 173230. Give d(29).
-1985
Let u(k) = 8*k**3 - 15*k**2 - 16*k + 34. What is u(1)?
11
Let y(a) = 15699*a + 1067821. Determine y(-68).
289
Let c(z) = 162*z**2 + 7925*z + 15844. Calculate c(-2).
642
Let r(k) = -k**2 - 40*k + 5157. Determine r(-99).
-684
Let f(y) = 14*y**2 - 434*y + 1408. Determine f(28).
232
Let c(j) = -j**3 + 44*j**2 + 9328*j + 858. Determine c(-77).
11
Let y(p) = -4*p**3 + 555*p**2 + 140*p + 313. What is y(139)?
452
Let v(o) = 4129*o - 4214. What is v(1)?
-85
Let g(p) = -3*p**2 - 75*p - 51. Give g(-9).
381
Let s(g) = -g**2 + 231*g - 2355. What is s(12)?
273
Let j(l) = l**3 + 25*l**2 - 70*l - 955. Determine j(-26).
189
Let l(f) = -25*f**2 + 1556*f + 1158. What is l(63)?
-39
Let s(m) = m**2 - 601*m + 87842. Give s(349).
-106
Let t(b) = -9756*b + 1161011. Determine t(119).
47
Let h(d) = -174975*d + 1049855. Calculate h(6).
5
Let w(y) = y**3 + 9*y**2 + 18888*y + 132130. Give w(-7).
12
Let d(x) = -3*x**2 - 210*x + 4444. Determine d(-87).
7
Let h(j) = 11*j**3 + 61*j**2 - 25*j - 145. What is h(-6)?
-175
Let i(u) = -u**2 - 114945*u + 3909267. Give i(34).
-19
Let s(k) = -k**3 - 55*k**2 + 11*k - 404. What is s(-55)?
-1009
Let f(y) = 235115*y - 940480. Give f(4).
-20
Let w(r) = 1124*r + 25718. What is w(-23)?
-134
Let h(u) = -u**3 - 123*u**2 + 386*u + 481. What is h(-126)?
-527
Let k(h) = 18*h**2 + 48*h + 201. What is k(-4)?
297
Let v(a) = 36*a**2 - 1492*a + 783. Give v(41).
127
Let k(r) = 101*r**3 - 1199*r**2 - 2*r - 164. Determine k(12).
1684
Let r(m) = 9*m**3 + 492*m**2 - 986*m - 58. What is r(2)?
10
Let f(x) = -552*x - 2746. Determine f(-6).
566
Let u(x) = 506*x - 174073. Calculate u(344).
-9
Let c(l) = -l**2 + 13952*l - 223039. Determine c(16).
-63
Let c(q) = -59506*q - 119275. Give c(-2).
-263
Let u(l) = -17*l**2 - 44*l - 12. Determine u(-4).
-108
Let o(y) = -y**3 + 23*y**2 + 9*y - 41. What is o(7)?
806
Let y(n) = 130*n**2 - 1488*n - 2617. Determine y(13).
9
Let q(f) = -f**3 + 13*f**2 - 541*f + 4479. Determine q(8).
471
Let c(j) = -207*j - 88389. Calculate c(-426).
-207
Let u(a) = 31*a - 3846. Calculate u(101).
-715
Let a(g) = g**3 + 39*g**2 + 390*g + 57. Determine a(-23).
-449
Let i(c) = -c**2 + 39*c + 639. Calculate i(73).
-1843
Let t(j) = -13486*j - 215752. Determine t(-16).
24
Let v(o) = 28*o**2 + 9532*o - 28836. What is v(3)?
12
Let t(r) = -r**2 + 639*r - 99917. Calculate t(273).
1
Let k(i) = -400*i - 1886. What is k(-5)?
114
Let o(f) = -23415*f + 163981. Determine o(7).
76
Let y(x) = -3*x**3 + 36*x**2 + 327*x - 4617. Calculate y(15).
-1737
Let b(u) = u**3 - 62*u**2 - 2829*u + 1675. Calculate b(-31).
1
Let q(x) = -36*x**2 - 6198*x + 6199. Calculate q(1).
-35
Let j(n) = -2*n**3 + 58*n**2 + 222*n - 6438. What is j(29)?
0
Let d(k) = k**2 - 93103*k + 1117106. Give d(12).
14
Let g(z) = 2*z**2 + 205247*z + 1847136. What is g(-9)?
75
Let z(w) = 25*w**2 - 1938*w - 649. Calculate z(78).
287
Let s(y) = -937*y + 63701. Determine s(69).
-952
Let m(o) = 4*o**3 + 21*o**2 - 192*o - 737. Calculate m(-3).
-80
Let r(v) = -15486*v - 1254715. What is r(-81)?
-349
Let n(i) = -4237*i - 12900. Determine n(-3).
-189
Let f(d) = -5*d**3 - 191*d**2 + 98*d + 5172. Calculate f(-38).
4
Let h(f) = 79701*f + 159416. What is h(-2)?
14
Let y(q) = -23*q**2 - 1823*q + 2774. Give y(-81).
-466
Let l(c) = c**3 - 224*c**2 + 2436*c - 19803. Give l(213).
6
Let g(j) = 143*j + 874. Calculate g(-7).
-127
Let j(h) = -1922*h - 230641. Determine j(-120).
-1
Let n(s) = -158*s + 3143. Calculate n(21).
-175
Let t(q) = -2*q**3 + 29*q**2 - 219*q - 340. Calculate t(17).
-5508
Let f(l) = -148*l - 3277. Give f(-22).
-21
Let d(l) = l**3 - 132*l**2 - 262*l - 1354. Calculate d(134).
-550
Let w(l) = 20*l**2 - 3920*l - 29. Calculate w(196).
-29
Let k(g) = -28199*g + 1297392. Calculate k(46).
238
Let u(b) = 360*b**2 - 5*b + 24. Give u(-2).
1474
Let o(c) = c**3 - 82*c**2 - 703*c - 1495. Give o(90).
35
Let k(g) = 8755*g - 1602172. What is k(183)?
-7
Let g(u) = -12*u**3 + 166*u**2 + 12*u + 41. What is g(14)?
-183
Let t(u) = -7*u**3 + 311*u**2 + 216*u - 199. Calculate t(45).
1421
Let d(u) = -60*u - 155. Give d(-7).
265
Let a(m) = -m**3 - 16*m**2 - 1706*m - 23766. Give a(-14).
-274
Let t(g) = -10*g**2 - 657*g - 10750. Calculate t(-31).
7
Let p(k) = -k**3 - 68*k**2 - 896*k - 30. What is p(-19)?
-695
Let w(z) = -3*z**3 - 205*z**2 + 3463*z - 72. Calculate w(14).
-2
Let k(b) = -500*b - 32932. Calculate k(-67).
568
Let s(i) = 94*i**3 - 23598*i**2 + 1035*i - 7774. Calculate s(251).
7
Let s(z) = -7696*z - 40018. Give s(-5).
-1538
Let w(z) = -z**2 - 4793*z + 14367. Determine w(3).
-21
Let a(o) = -o**3 + 313*o**2 - 1190*o - 193. Calculate a(4).
-9
Let x(k) = -140*k**2 + 1025*k - 17. What is x(8)?
-777
Let j(k) = 218805*k - 1094013. What is j(5)?